3*j**2 - j + 3. Determine v(-3).
60
Let m(s) = 4*s**3 + 36*s**2 + 2*s - 6. Determine m(-9).
-24
Let p(k) = 6*k - 69. Calculate p(6).
-33
Let z(i) = -3*i**2 - i - 4. Determine z(7).
-158
Let m(h) = h**3 + h**2 + 2*h - 1. Give m(-3).
-25
Let a(n) = -5*n + 28. What is a(7)?
-7
Let p(g) = -2*g**2 - 19*g + 12. Calculate p(-9).
21
Let w(q) = -4*q**2 - 5*q + 6. Give w(1).
-3
Let d(n) = -3*n + 12. What is d(10)?
-18
Let h(n) = n**3 + 2*n**2 - 6*n - 6. Calculate h(-4).
-14
Let y(m) = -m**2 + 28*m + 241. What is y(35)?
-4
Let p(u) = -3*u**2 - 3*u + 2. Give p(1).
-4
Let s(a) = a**3 + 5*a**2 + 2*a + 2. Calculate s(-4).
10
Let d(u) = -2*u**2 + u + 4. Determine d(0).
4
Let m(f) = f**2 + 2*f - 80. Determine m(0).
-80
Let m(i) = 4*i - 8. What is m(2)?
0
Let s(c) = 3*c**3 + 3*c**2 - c - 3. Give s(-1).
-2
Let y(j) = 2*j**2 + 9*j + 1. Calculate y(-4).
-3
Let y(q) = 4*q + 94. Determine y(-22).
6
Let d(o) = -o + 6. Give d(-8).
14
Let f(z) = -5*z + 71. Calculate f(12).
11
Let x(t) = t**2 + 2*t - 8. Calculate x(0).
-8
Let i(x) = -3*x**2 - 18*x - 7. Give i(-6).
-7
Let w(p) = p**2 + p + 4. What is w(-3)?
10
Let f(i) = i**3 + 10*i**2 - 11*i - 8. Determine f(-11).
-8
Let j(y) = -y**2 + 3*y - 5. What is j(2)?
-3
Let u(w) = -w**3 - 4*w**2 - 4*w - 13. Give u(-4).
3
Let k(j) = -23*j + 145. What is k(6)?
7
Let r(v) = 3*v**3 - 27*v**2 + 5. What is r(9)?
5
Let p(b) = 2*b + 7. What is p(-8)?
-9
Let j(p) = p**3 - 5*p**2 - 5*p + 8. Determine j(5).
-17
Let g(b) = -3*b. Determine g(-7).
21
Let f(j) = -j**3 - 14*j**2 - 34*j + 7. Calculate f(-11).
18
Let y(r) = -r**2 + 2*r - 1. Determine y(2).
-1
Let n(l) = -l**2 + 32*l - 60. Determine n(31).
-29
Let c(l) = 40*l - 127. What is c(4)?
33
Let i(u) = -8*u - 4. Calculate i(-3).
20
Let r(n) = 2*n**2 + 12*n + 19. What is r(-2)?
3
Let h(a) = -a**3 + 5*a**2 + 12*a - 1. Calculate h(7).
-15
Let n(p) = -5*p - 19. What is n(-17)?
66
Let d(s) = -14*s - 252. Calculate d(-18).
0
Let v(j) = -j - 10. Determine v(-17).
7
Let b(i) = i - 1. Give b(4).
3
Let t(h) = 5*h - 25. What is t(0)?
-25
Let y(v) = 2*v - 24. What is y(8)?
-8
Let y(k) = -k**2 + 2*k - 4. Determine y(0).
-4
Let z(m) = -m + 1. Give z(2).
-1
Let d(j) = -j**3 - 7*j**2 + 10*j - 22. Give d(-9).
50
Let p(k) = 7*k + 96. Calculate p(-13).
5
Let v(h) = -2*h**2 - 83*h + 128. Give v(-43).
-1
Let t(p) = 3*p - 18. Determine t(3).
-9
Let f(p) = -p**3 - p**2 - p - 2. What is f(0)?
-2
Let l(i) = -i**2 - 5*i + 32. What is l(-7)?
18
Let g(c) = -c**3 + 11*c**2 - 16*c + 15. Calculate g(9).
33
Let x(v) = v**3 - 17*v**2 + v - 11. Give x(17).
6
Let x(g) = 46*g + 183. Give x(-4).
-1
Let n(m) = 7*m - 149. Determine n(25).
26
Let t(k) = -79*k + 551. What is t(7)?
-2
Let p(s) = -2*s. What is p(6)?
-12
Let s(l) = l**3 + 30*l**2 - 3. Give s(-30).
-3
Let x(h) = h**2 - 8*h + 9. Give x(6).
-3
Let g(j) = j**2 + 3*j - 32. Determine g(4).
-4
Let b(c) = 66*c - 527. Give b(8).
1
Let v(y) = 2*y**2 + 2*y - 1. Calculate v(-2).
3
Let s(b) = 31*b**2 - 1. Determine s(1).
30
Let m(d) = -d**2 + 8*d + 1. Determine m(8).
1
Let q(b) = -b**2 - b. What is q(2)?
-6
Let k(w) = -w**3 - 21*w**2 + 22*w + 7. Give k(-22).
7
Let w(d) = d**3 + 3*d**2 - 4*d - 5. Give w(-3).
7
Let a(j) = -j**3 - 8*j**2 - 7*j - 8. Calculate a(-7).
-8
Let d(x) = x**3 + 13*x**2 + 14*x + 11. Give d(-12).
-13
Let t(a) = -10*a + 90. Give t(9).
0
Let f(k) = k**3 - 5*k**2 - 17*k - 59. What is f(8)?
-3
Let y(x) = -x + 12. Determine y(7).
5
Let q(l) = l**3 - 8*l**2 - 17*l + 74. What is q(9)?
2
Let r(t) = -3*t**2 + 48*t + 44. Determine r(17).
-7
Let y(r) = r**3 - 17*r**2 + 17*r - 10. What is y(16)?
6
Let l(v) = -v**2 + 29*v - 167. Give l(22).
-13
Let h(u) = 24*u - 158. Give h(6).
-14
Let p(g) = g**3 - 12*g**2 + 13*g + 14. Calculate p(11).
36
Let r(y) = 3*y**2 - 7. What is r(-3)?
20
Let d(w) = -w - 28. Calculate d(17).
-45
Let x(j) = -3*j - 17. Calculate x(-6).
1
Let b(w) = 8*w + 37. Calculate b(-9).
-35
Let p(j) = -j**3 - 3*j**2 + j - 4. Determine p(-4).
8
Let h(l) = l**3 + 23*l**2 + 21*l - 43. What is h(-22)?
-21
Let z(b) = -2*b**2 - 5*b - 6. Determine z(-4).
-18
Let v(t) = t**2 + 3*t + 7. Calculate v(0).
7
Let c(o) = -2*o**2 - 32*o - 127. Give c(-9).
-1
Let y(w) = w**3 - 7*w**2 - 10*w - 1. Give y(7).
-71
Let q(k) = -k**3 + 3*k**2 - 2*k + 4. What is q(2)?
4
Let n(h) = h**2 - 2*h - 1. Give n(-2).
7
Let v(t) = t**3 - 13*t**2 + 13*t - 9. What is v(12)?
3
Let s(j) = -j**3 - 5*j**2 + 58*j - 10. Determine s(5).
30
Let d(f) = -f**3 - 9*f**2 - 7*f - 9. Calculate d(-8).
-17
Let z(i) = i**2 + 7*i - 11. What is z(-7)?
-11
Let g(k) = -2*k + 11. Give g(0).
11
Let b(w) = -2*w - 1. Determine b(-3).
5
Let t(h) = h**3 + 6*h**2 - 8*h - 17. What is t(-7)?
-10
Let g(o) = 2*o - 35. Give g(13).
-9
Let r(b) = 2*b**2 + 19*b - 110. Calculate r(4).
-2
Let z(v) = v**3 + 4*v**2 - 6*v + 4. Give z(-5).
9
Let f(t) = -t - 9. Give f(-10).
1
Let a(v) = -2*v**2 - 4*v - 9. Give a(-6).
-57
Let m(z) = -15*z**2 - 143*z - 67. Calculate m(-9).
5
Let r(m) = 16*m - 245. What is r(15)?
-5
Let w(s) = -2*s**3 - s**2 + 2*s + 2. Give w(-1).
1
Let c(i) = i**2 + 36*i + 327. Determine c(-18).
3
Let t(a) = 4*a**2 + 30*a - 9. Determine t(-8).
7
Let a(w) = w + 6. What is a(0)?
6
Let z(m) = m**3 - 7*m**2 + 7*m - 9. Give z(4).
-29
Let t(m) = m**3 - 4*m**2 - 4*m - 5. Calculate t(5).
0
Let s(y) = y**3 - 8*y**2 + 6*y + 1. Determine s(4).
-39
Let b(t) = -t**2 + 77*t - 426. Give b(6).
0
Let l(i) = i**3 + 42*i**2 + i + 41. What is l(-42)?
-1
Let o(d) = -46*d + 2303. Give o(50).
3
Let n(w) = w**2 + 38*w + 343. Determine n(-24).
7
Let p(f) = -f**3 - 17*f**2 + 8. Calculate p(-17).
8
Let h(q) = 3*q + 39. What is h(-14)?
-3
Let i(l) = -l**3 + 2*l**2 + 15*l - 6. Give i(7).
-146
Let f(i) = 5*i - 32. What is f(9)?
13
Let z(l) = -l**2 - 10*l - 12. Give z(-8).
4
Let z(j) = j**2 - 7*j - 7. Calculate z(8).
1
Let r(t) = -39*t + 3. Calculate r(1).
-36
Let v(m) = -m**3 - 4*m**2 + 3*m + 9. Determine v(-6).
63
Let w(b) = 2*b**3 + b**2 + b - 4. Give w(3).
62
Let s(o) = -7*o + 33. Calculate s(15).
-72
Let g(v) = -v. Determine g(-4).
4
Let d(t) = -4*t**3 - 2*t**2 + t. Calculate d(1).
-5
Let i(x) = x**3 + 15*x**2 - 23*x - 4. Calculate i(-16).
108
Let o(f) = -f**2 - 52*f + 54. What is o(-53)?
1
Let r(y) = -9*y**3 - y + 1. Give r(1).
-9
Let j(b) = 29*b - 140. What is j(5)?
5
Let p(m) = 4*m**2 + 35*m - 2. What is p(-9)?
7
Let d(s) = s**3 + 3*s**2 - 24*s + 14. Give d(3).
-4
Let v(d) = -2*d - 7. Determine v(-5).
3
Let o(c) = c**3 - 2*c**2 - c + 14. Give o(0).
14
Let s(q) = 9*q - 102. What is s(12)?
6
Let f(k) = -k**3 - 26*k**2 - 6. Give f(-26).
-6
Let v(n) = n**3 + 2*n + 85. Calculate v(0).
85
Let z(y) = 2*y**3 + 29*y**2 - 49*y - 13. Give z(-16).
3
Let s(f) = -23*f**3 + 11*f - 10. Calculate s(1).
-22
Let c(w) = w**2 + 10*w + 10. Determine c(-9).
1
Let p(w) = -23*w - 283. Determine p(-13).
16
Let w(v) = 2*v**2 + 11*v - 19. Calculate w(-7).
2
Let q(j) = j**2 - 26*j + 68. What is q(23)?
-1
Let f(o) = -o**3 + 7*o**2 - 6*o - 2. Give f(6).
-2
Let o(t) = t**3 + 5*t**2 + t + 6. Give o(-6).
-36
Let f(h) = -h**2 - h + 10. What is f(0)?
10
Let p(v) = -3*v - 47. Determine p(-11).
-14
Let f(c) = 2*c**3 - 5*c**2 - 5*c + 5. What is f(4)?
33
Let p(d) = 15*d**2 + 3*d - 3. What is p(2)?
63
Let h(j) = -j**2 - 5*j - 4. Calculate h(-3).
2
Let x(h) = -h**3 - 2*h**2 - h - 3. Determine x(-3).
9
Let r(h) = 2*h - 30. Give r(21).
12
Let m(x) = -17*x - 1. Determine m(-4).
67
Let z(n) = 7*n - 218. Give z(32).
6
Let n(w) = w**3 - 14*w**2 + 12*w + 20. What is n(13)?
7
Let s(o) = o - 13. Calculate s(14).
1
Let i(y) = y**3 - y**2 - 6*y - 4. What is i(3)?
-4
Let z(r) = 3*r - 24. Determine z(10).
6
Let d(u) = -u**2 - 28*u - 9. Calculate d(-27).
18
Let l(z) = -z**3 - z**2 + 2*z + 13. Calculate l(0).
13
Let m(n) = -n - 14. Calculate m(0).
-14
Let u(p) = 2*p - 9. Calculate u(11).
13
Let b(x) = 2*x**2 + x + 2. What is b(-2)?
8
Let g(n) = 7*n**2 + 6*n - 20. Calculate g(3).
61
Let w(p) = p - 41. Calculate w(20).
-21
Let u(j) = j**3 + 2*j**2 - 10*j - 13. Determine u(-4).
-5
Let f(o) = o**2 - 50*o + 185. Determine f(46).
1
Let x(s) = 14*s**3 + s**2 - 6*s + 6. Calculate x(1).
15
Let z(k) = -k**3 + 2*k**2 + 11*k - 9. Calculate z(4).
3
Let g(l) = l**2 - 31*l + 196. Calculate g(8).
12
Let y(r) = r**3 - 3*r**2 + 6*r - 4. Calculate y(2).
4
Let f(j) = j. What is f(-2)?
-2
Let o(y) = 3*y**2 - 3. Calculat